{"id":2,"date":"2009-09-18T22:40:26","date_gmt":"2009-09-18T19:40:26","guid":{"rendered":"http:\/\/rein.saratow.ee\/wordpress\/?page_id=2"},"modified":"2023-05-25T17:41:46","modified_gmt":"2023-05-25T14:41:46","slug":"about","status":"publish","type":"page","link":"https:\/\/www.sisekujundus.eu\/","title":{"rendered":"Tutvustus"},"content":{"rendered":"<p><em>Olenemata sellest, kas olete hiljuti oma majja kolinud v\u00f5i soovite lihtsalt oma kodusse uuesti armuda<br \/>\nv\u00f5i luua hoopis midagi suuremat, oleme me kirjeldanud\u00a0 siin l\u00fchidalt sisekujundusprojetki loomise protsessi<\/em><em>.<br \/>\n<strong>&#8220;Teie kodu peaks r\u00e4\u00e4kima lugu sellest, kes sa oled<br \/>\nja olema kogumik sellest, mida sa armastad.&#8221; \/<\/strong>N.Berkus\/<\/em><br \/>\nK\u00f5ik algab alati unistusest luua oma kodu, millel oleks v\u00e4\u00e4rtus. Alustuseks tuleb leida koht, mis vastab teie soovidele. Seej\u00e4rel valitakse majale sobilik valmisprojekt \u00a0v\u00f5i tellitakse \u00a0individuaalne projekt arhitektilt, kes projekteerib kodu vastavalt teie vajadustele ja soovidele ning sobitab selle teie poolt valitud krundi maastikuga kokku. Hea on \u00a0kohe\u00a0 projekteerimese alguses kaasata protsessi sisekujundaja.<\/p>\n<p><em>\u201cK\u00f5ik, et muuta teie visioon reaalsuseks\u201d<\/em><\/p>\n<p>\u00dcle 20-aastane ruumide projekteerimise ja kujundamise taust v\u00f5imaldab meil juhtida projekte l\u00e4bi protsessi k\u00f5igi etappide \u2013 alates planeeringust kuni l\u00f5ppviimistluseni. Olenemata projekti ruumide suurusest, j\u00f5uame teie stiilile ja soovile vastava l\u00f5pptulemuseni.<br \/>\nP\u00fchendume ajatu sisekujunduse loomisele.<br \/>\nOleme kogunud kogemusi t\u00f6\u00f6tades alates 1-toalisest korterist kuni kortermajadeni, alates v\u00e4ikesest kontorist kuni suure autokeskuseni.<br \/>\nLoe rohkem <em>heldirebane.wordpress.com<\/em><\/p>\n","protected":false},"excerpt":{"rendered":"<p>Olenemata sellest, kas olete hiljuti oma majja kolinud v\u00f5i soovite lihtsalt oma kodusse uuesti armuda v\u00f5i luua hoopis midagi suuremat, oleme me kirjeldanud\u00a0 siin l\u00fchidalt sisekujundusprojetki loomise protsessi. &#8220;Teie kodu peaks r\u00e4\u00e4kima lugu sellest, kes sa oled ja olema kogumik sellest, mida sa armastad.&#8221; \/N.Berkus\/ K\u00f5ik algab alati unistusest luua&#8230;<\/p>\n","protected":false},"author":1,"featured_media":0,"parent":0,"menu_order":0,"comment_status":"open","ping_status":"open","template":"","meta":{"footnotes":""},"class_list":["post-2","page","type-page","status-publish","hentry"],"_links":{"self":[{"href":"https:\/\/www.sisekujundus.eu\/index.php?rest_route=\/wp\/v2\/pages\/2","targetHints":{"allow":["GET"]}}],"collection":[{"href":"https:\/\/www.sisekujundus.eu\/index.php?rest_route=\/wp\/v2\/pages"}],"about":[{"href":"https:\/\/www.sisekujundus.eu\/index.php?rest_route=\/wp\/v2\/types\/page"}],"author":[{"embeddable":true,"href":"https:\/\/www.sisekujundus.eu\/index.php?rest_route=\/wp\/v2\/users\/1"}],"replies":[{"embeddable":true,"href":"https:\/\/www.sisekujundus.eu\/index.php?rest_route=%2Fwp%2Fv2%2Fcomments&post=2"}],"version-history":[{"count":38,"href":"https:\/\/www.sisekujundus.eu\/index.php?rest_route=\/wp\/v2\/pages\/2\/revisions"}],"predecessor-version":[{"id":471,"href":"https:\/\/www.sisekujundus.eu\/index.php?rest_route=\/wp\/v2\/pages\/2\/revisions\/471"}],"wp:attachment":[{"href":"https:\/\/www.sisekujundus.eu\/index.php?rest_route=%2Fwp%2Fv2%2Fmedia&parent=2"}],"curies":[{"name":"wp","href":"https:\/\/api.w.org\/{rel}","templated":true}]}}